mposite number?
False
Suppose 0*c - 2*c = -180. Suppose 5*z = 5*o + c, 0 = -5*o + 8 - 28. Is z composite?
True
Suppose 0*v + 5*v - 15 = 0. Suppose 2*l + 0*l = -w + 166, -2*l + 166 = -v*w. Is l prime?
True
Suppose -267 = -m - 56. Is m composite?
False
Let b = 6 + -26. Let q = 29 + b. Is q prime?
False
Suppose -5 = -x - 0. Suppose 0 = -x*l + 4*b + 16, -2*l - 2*b = -b - 9. Let a(o) = o**3 - 4*o**2 + 5*o - 1. Is a(l) a prime number?
True
Is 2685/(-140)*-4 - 4/(-14) a composite number?
True
Let z(g) be the second derivative of g**5/20 + 13*g**4/12 + 7*g**3/6 - 8*g**2 - 4*g. Is z(-11) a prime number?
True
Suppose 15 + 0 = 5*u. Suppose s + 7 = -2*b - 0*b, -u*s = -5*b + 10. Is 1130/(-10)*1/b a composite number?
False
Let s be 1*(0 + 1 + 0). Let a = 8 - s. Is a composite?
False
Suppose 11 + 9 = 4*o. Let s = -2 + o. Suppose -s*u + 555 = 2*u. Is u a prime number?
False
Let l be (0 - 1174) + (-14 - -16). Is (l/(-10))/((-6)/(-15)) composite?
False
Suppose 5*a + 3*n = 9, 2*a - 5*n - 13 = a. Let v(x) = -3*x + 4*x - 2*x**2 + 1 + a*x**2. Is v(-6) a prime number?
True
Let r(f) = -2193*f**3 - 2*f**2 - 2*f - 1. Let l be r(-1). Suppose 0 = -0*b + 4*b + l. Is (-4)/(-20) + b/(-10) composite?
True
Is (-4 - 5/(-2)*273)*2 prime?
False
Let m(s) = 109*s**2 - 2*s + 1. Let j be m(1). Let c = -45 + j. Suppose -h + p = -c, -2*h + p = -57 - 73. Is h a prime number?
True
Let d(w) = -2*w - 14. Let b be d(-10). Is 94*(2 + b/(-4)) composite?
False
Let c(a) = -39*a - 1. Is c(-6) composite?
False
Suppose 268 = 5*x - x. Is x composite?
False
Let r(o) = o**3 + 14*o**2 - 4*o + 6. Let d(b) = -b**3 - 13*b**2 + 3*b - 6. Let j(y) = 7*d(y) + 6*r(y). Is j(-7) a prime number?
False
Suppose -3*p = -3*j - p + 22, 5*p = -25. Suppose -12 = -j*f - 0*f. Let r = f - -36. Is r prime?
False
Let s = -10 + 221. Is s a prime number?
True
Let f be (-3)/3*(2 - 2). Suppose -5*a = -3*d - 13 - 65, -3*a + 3*d + 48 = f. Let r = 29 - a. Is r composite?
True
Let w = 1378 + -398. Is w/21 + 2/6 a prime number?
True
Let f(y) = y**2 - 4*y - 2. Let s be f(5). Suppose -s*z = -z - 238. Is z a prime number?
False
Let o be (-245)/2 + 3/(-6). Suppose 0 = 2*d, -5*j - 7*d = -4*d - 1360. Let p = o + j. Is p prime?
True
Suppose -4*o = 3 + 1. Let u be 0 - o - 1*-1. Suppose 2*r = u*l + 90, -12 + 4 = -4*l. Is r a prime number?
True
Is (-566)/(-8) - 6/(-24) composite?
False
Let k(v) = -5 + 3 + 3*v**2 + v**2 - 6. Let t be k(6). Suppose -5*b + g = -2*b - t, 0 = -5*b + 3*g + 220. Is b a composite number?
False
Let j(h) = 15*h**3 + 2*h**2 - 2. Let g = 4 + -6. Let v be j(g). Let q = 1 - v. Is q composite?
True
Let s(y) = 4*y. Let x be s(2). Let l = 4 - x. Let r(u) = -u**2 - 7*u - 6. Is r(l) a composite number?
True
Suppose 4*r - 7 = 4*c + 37, -c = 3*r - 13. Let t(x) = 2*x**2 - 2*x + 5. Is t(r) prime?
False
Suppose 0 = 2*f - f - 4*c - 46, 0 = 4*f + 5*c - 121. Is f a composite number?
True
Suppose -4*q + 2 = -i, -4*i = 5*q - 2 + 10. Let f be (-3)/i*4/6. Let j(h) = 54*h - 1. Is j(f) composite?
False
Let v(l) = l**2 - 2*l - 2. Let c = 5 + -1. Is v(c) a composite number?
True
Suppose 0*q - 3*q = 0. Suppose 4*b + q*b = -16. Is ((-3)/b)/(4/16) composite?
False
Let q(k) = k**3 - 6*k**2 - 5*k - 4. Let f be q(-4). Let j = f - -314. Suppose -u + j = u. Is u prime?
False
Let j be -2 + (-553)/(-4 + 3). Suppose -2*l = 3*v - 557, -3*v + l + j = -3*l. Is v a prime number?
False
Let g(o) = 6*o**2 - 5*o + 8. Is g(-6) a prime number?
False
Let q(o) = -o - 2. Let f be q(-8). Let r = -4 + f. Suppose -r*j = -3*j + t, -4*j - 3 = -5*t. Is j a composite number?
False
Is 13372/10 + 5/(-25) a prime number?
False
Let i = -13 + 8. Is (i + 6)*(1 + 210) prime?
True
Let j be (-4)/(-1 + 1 + -1). Suppose s + 57 = j*s. Is s composite?
False
Let b = -288 + 134. Let s = b - -216. Suppose 2*r + 0*r - s = 0. Is r prime?
True
Let z(m) = -m + 6. Let p(c) = c - 5. Let d(h) = -5*p(h) - 4*z(h). Let w be d(1). Let g = w - -7. Is g a composite number?
False
Let q(i) = -i**3 + 2*i**2 - i + 1. Let t = 1 - 0. Let w be q(t). Suppose 0 = 2*l - w - 29. Is l a composite number?
True
Suppose -r + 2*r = 2. Suppose 5*o - 363 = 2*x, -o + 134 = o + r*x. Is o a composite number?
False
Let t = -1 - 5. Let n(r) = -r**3 + 7*r + 5. Let s be n(t). Suppose -4*z + 81 = -s. Is z composite?
True
Suppose 2*q - 416 - 2 = 0. Is q a prime number?
False
Let i(t) be the third derivative of -t**5/60 + 7*t**4/24 + 7*t**3/6 - t**2. Let g be i(6). Suppose 0 = -2*h + 61 + g. Is h a prime number?
True
Is 0 + 1 - (-392 - -4) composite?
False
Let b = 13 + -6. Let n(h) = -1 + 5*h - 2*h**3 - 3*h**2 + 3*h**3 - 3*h**2. Is n(b) a prime number?
True
Is 1*(-5 - (-1550 - -4)) composite?
True
Let b(c) = c**3 + 10*c**2 + 9*c + 7. Is b(-6) composite?
False
Let f(b) = 22*b + 27. Is f(11) a prime number?
True
Let o = -8 - -2. Let w = 11 + o. Suppose z - w*c - 76 = 0, -33 = -z + 2*c + 28. Is z prime?
False
Let b(z) = z + 4. Let m be b(0). Suppose 22 + m = f. Is f prime?
False
Suppose 635 = 9*h - 4*h. Is h composite?
False
Let v be (7 - 2)*116/10. Is v - -1 - (-4)/(-2) prime?
False
Suppose f + 8 = 5*f. Suppose -f*a + 16 = -270. Is a prime?
False
Let g(n) = -n - 6. Let h be g(-5). Let w = 2 - h. Suppose -95 = -w*j - 2*j. Is j a composite number?
False
Let w = -79 - -82. Let b be (-45)/(1 - 3/2). Suppose -4*k - 208 = -4*t, k - b = -w*t + 86. Is t a prime number?
False
Suppose 4*w - 4 = 152. Suppose -2*m = -5*m + w. Is m prime?
True
Let j = 1056 - -145. Is j prime?
True
Suppose 656 = 2*g - 834. Is g composite?
True
Let c(t) = -13*t + 7. Let a(x) = -13*x + 6. Let n(z) = -5*a(z) + 4*c(z). Let q(f) = -f + 11. Let s be q(8). Is n(s) a prime number?
True
Let l = 247 - 363. Let s = -63 - l. Is s composite?
False
Let o(i) = 10*i + 9. Let m(t) = t. Let b(r) = -3*m(r) - o(r). Is b(-10) prime?
False
Is 2/(-4) + 503/2 prime?
True
Let v(l) = -l**2 + l + 5. Let x be (-1)/3*-3 + -1. Let b be v(x). Let y(t) = 42*t + 1. Is y(b) composite?
False
Let s be 3/(-6) - 21/(-2). Let t(h) = -h**3 + 11*h**2 - 11*h + 9. Let q be t(s). Let p = 24 + q. Is p a prime number?
True
Suppose 0 = -p - 3*i + 407, 4*p - 427 = 3*p + 2*i. Is p composite?
False
Suppose -2*c - 5685 = -5*c. Is c composite?
True
Let f = -144 - -74. Let t = -10 + f. Let g = -33 - t. Is g prime?
True
Let h(l) = 2*l**2 + l - 1. Let q be 138/(-42) - (-2)/7. Is h(q) composite?
True
Let x(r) = 64*r - 1. Is x(2) a prime number?
True
Suppose 0 = 10*i - 12*i + 1054. Is i composite?
True
Let v = -7 + 9. Suppose -l - 4*g + 10 = 102, v*l + 184 = 5*g. Let w = 175 + l. Is w a composite number?
False
Let o(b) be the second derivative of -b**4/12 + b**3/6 - 7*b**2/2 - 2*b. Let d be o(0). Is -1 + 0 - 8*d composite?
True
Suppose -4*f = 2*u - 14, -5*f + 3*u + u + 11 = 0. Suppose -2*l = 2*z - 172, 3*z = f*l - 294 + 54. Is l composite?
False
Is (1473/(-2))/((3/(-10))/1) composite?
True
Let l be 9/(-7) + (-6)/(-21). Let b be (-1 - (-4)/2)/l. Is b/(-2 - -1) + 13 prime?
False
Let u(h) be the first derivative of -h**2/2 + 11*h - 2. Let x be u(9). Suppose -x*o = 20 - 202. Is o composite?
True
Let u be 4/3 - 4/(-6). Let n(f) = -6*f + 7 - 5*f**u + 13*f + 6*f**2. Is n(-8) prime?
False
Let g = 3 + 1. Suppose -a + 27 = -g*a. Is 0 + 2 - (-3 + a) composite?
True
Suppose 0*p + 4*p - 5*g + 390 = 0, -4*p - 382 = -g. Let d = -6 - p. Is d a composite number?
False
Suppose 2*h - 5*d = 16977, 4*d = -2*h - 0*d + 16986. Is h prime?
False
Let i = -52 + 240. Let b = 285 - i. Is b composite?
False
Suppose 2*o - 23 = -5. Let z(w) = 2 + 2 + o*w + 0. Is z(3) a prime number?
True
Suppose -79 - 3368 = -3*c. Is c composite?
True
Let r(f) = -2*f**3 - 10*f**2 - 3*f + 6. Is r(-7) composite?
False
Let z(i) = 537*i + 71. Is z(6) prime?
False
Suppose 4 = 2*j - 0. Suppose 2*r - f - 2 = 3, -5*f - 25 = -j*r. Suppose -3*n + 9 = 2*v - r*n, 3*n = -5*v + 36. Is v a prime number?
False
Suppose -4*i = -5*i - 111. Let k = i - -312. Suppose -2*n + k = n. Is n a prime number?
True
Suppose -n + 4 - 1 = 0. Suppose -190 = -4*s - 3*i, -n*s = s - 4*i - 176. Is s composite?
True
Is 24893/155 + (-2)/(-5) composite?
True
Let d = 10 - 4. Suppose -s + d*s - 15 = 0. Suppose 35 = s*h - 67. Is h a prime number?
False
Let a be ((-1)/(-3))/((-6)/(-2718)). Suppose 0*f = 2*f + 128. Let c = a + f. Is c composite?
True
Is (-650)/(-4) + (-12)/8 composite?
True
Let l = 802 + 